 t(j) = -j**3 + j**2 - j. Let m be t(2). Let y be (4 - (m + 3))*-1. Let n(s) = -s - 6. Determine n(y).
1
Let f(x) = 7 + 7*x - 9*x - 9. Calculate f(6).
-14
Suppose 0 = 3*r - 3 - 9. Let y(w) = -2*w + r*w**2 + 0 - 2 + 7*w - 5*w**2. Determine y(5).
-2
Let s(m) = m**2 + 5*m + 6. Suppose -3*j - 40 = -8*j. Let q be (-4*(-2)/j)/1. Let f be q/((-1 - -2)/(-5)). What is s(f)?
6
Let g(u) = 9*u - 11. Let j = 1167 + -1162. Determine g(j).
34
Let o(k) = -266 - 6*k + 89 + 94 + 90. Give o(-9).
61
Let g(h) = 5*h**2 - 15*h + 5. Let m(b) = 5*b**2 - 18*b + 6. Let r(k) = -6*g(k) + 5*m(k). Let i(x) = -x**2 - 4*x + 13. Let u be i(-6). Determine r(u).
-5
Let y(k) = -k**2 - 2*k + 5. Let h(j) = -2*j**2 - 3*j + 11. Let f(l) = -2*h(l) + 5*y(l). Determine f(-5).
-2
Let q(l) = -l**3 + 4*l**2 - 4. Let k be 2/5 - (-689)/65. Let i(o) = o**2 - 10*o - 7. Let s be i(k). Suppose -2*y = -4 - s. Calculate q(y).
-4
Let z(x) = -3*x**3 - x**2 - 4*x + 12. Let y(u) = -5*u**3 + u**2 - 7*u + 23. Let i(d) = -4*y(d) + 7*z(d). Calculate i(-11).
-8
Suppose -u + 4 = -4*u - 2*w, 3*u - w = -7. Let z(h) = -2*h**2 - 2*h + 11. Let o(d) = -d**2 - d + 6. Let g(j) = -7*o(j) + 4*z(j). Calculate g(u).
0
Let g be ((-38)/(-3 - -1))/(20/60). Let n(m) = 60*m**2 - 114*m**2 + g*m**2. Let a(y) = y**2 + 6*y - 1. Let q be a(-6). Calculate n(q).
3
Let w(h) = -h**3 - 5*h**2 - 3*h. Suppose -7 = 6*s - 37. Suppose 4*v = 0, s*u + 3*v = -15 + 5. Give w(u).
-6
Let i be 6*(-2 - (-8)/3). Suppose -i - 11 = -r + 5*b, 0 = 4*r - 4*b + 4. Let y(j) be the third derivative of j**5/60 + j**4/3 + 5*j**3/6 + 108*j**2. Give y(r).
-10
Let d(y) = -y - 3. Let t(r) = 3*r + 3. Let o be t(-3). Let f be d(o). Suppose f*h - 31 = -5*v - 11, -5*h - 2*v + 8 = 0. Let j(p) = -p**2 - p - 7. What is j(h)?
-7
Suppose -20*p - 9*p + 87 = 0. Let f(q) = 2*q - 3. Give f(p).
3
Let r(j) be the first derivative of j**4/12 - 3*j**2/2 - 10*j - 2. Let k(g) be the first derivative of r(g). Determine k(0).
-3
Let u(z) = -6*z + 15*z**2 + 1 + 4*z + z. Suppose -4*m + 0*m + 32 = 0. Let r = m + -7. Calculate u(r).
15
Let l be ((-21)/(-12))/(3/12). Let q(s) = -2*s + s + 6 + 4. What is q(l)?
3
Let w(k) = 9*k**2 - k. Let z = -66 - -55. Let p = -10 - z. Give w(p).
8
Let b = 294 + -295. Let v(l) = l**2 + 2*l + 2. Calculate v(b).
1
Let g be (-2)/(-4)*13*-2. Let b = 15 + g. Let v(u) = -u**b - 6*u + 3*u - 1 + 2*u**2 + 4*u. Calculate v(-2).
1
Suppose -2*k - 7 = -k. Let n be (-12)/k - 5/((-70)/4). Let d(z) = -2*z**3 - z**2 + 3*z - 1. Determine d(n).
-15
Let y(v) = 28*v**3 + 2*v**2 + 6*v + 1. Let j(u) = -u**3 - u. Let m(z) = 4*j(z) + y(z). Determine m(-1).
-23
Let d(b) = -b + 35. Let y = 834 - 814. Give d(y).
15
Let f(q) = 2*q**3 + 12*q**2 - 32*q + 2. Let r be f(-8). Let t(a) = 2*a**2 - a + 1. Determine t(r).
7
Let u(h) = -28021*h + 4 + 7*h**3 + 28019*h - 6*h**3. Determine u(-3).
-17
Let p(v) = 5 + 17 + 2*v - 1 - 11 + 17. Determine p(-12).
3
Let i(y) = -y**2 + y + 25. Suppose -178*l + 95*l = -498. Calculate i(l).
-5
Suppose 4*q + k - 7 = 0, -4*q + 9*q - 5 = -5*k. Suppose -5*p = 2*x - 12, 0 = -4*p - x + 6 + 6. Let i(a) = 10*a**2 - p*a**2 - 3 - 5*a - 7*a**q. Calculate i(-3).
3
Suppose 0 = 2*y + 4*g - 12, g = y + 5*g - 10. Let k(z) = -5*z - 2. Determine k(y).
-12
Let f(p) = 9*p**3 + p + 1. Let v(h) = h - 15. Let m be v(17). Suppose -2*t = n + 2*t - 14, -3*n + 5*t = 26. Let x be 3/n*2 + m. Determine f(x).
-9
Let g(b) be the second derivative of 0*b**2 - 1/4*b**4 + 1/720*b**6 + b + 0 + 0*b**3 + 0*b**5. Let n(l) be the third derivative of g(l). Calculate n(6).
6
Let o be 4 - -5*(3 + (-65)/25). Let d(t) = -t**2 + 5*t + 11. Determine d(o).
5
Let v(l) be the third derivative of -l**5/60 + 7*l**4/12 - 3*l**3 - 2*l**2 - 19*l. Calculate v(13).
-5
Let j(t) = -t**3 - 16*t**2 - t. Let r be j(-16). Let k = r + -16. Let s(v) = v**2 - 3. Calculate s(k).
-3
Let v(t) = t**3 - 6*t**2 - 8*t + 4. Let a be 80/(-20) + 1*5. Let u be a - (-4 + (0 - -1)). Suppose -16 - 12 = -u*q. Give v(q).
-3
Let r(z) = z**3 - 5*z**2 - 4. Suppose 26*h = 29*h - 15. Give r(h).
-4
Let d be (-208)/(-6) - 20/(-15). Suppose 5*o - o - d = 0. Let u(q) = 4*q**2 + o*q**2 + q + 3 - 3*q**2 - 4. Calculate u(1).
10
Suppose 94*n - 95*n + 9 = 0. Let t(h) = h**3 - 9*h**2 - 6. Determine t(n).
-6
Let w(f) = -7*f**2 + f. Suppose -2*d - 604 + 602 = 0. Determine w(d).
-8
Let d(w) = -w**3 - 6*w**2 + 14*w + 20. Let s be d(-8). Let n(u) = -s + 6*u + 4*u + 31 - u**2. What is n(10)?
-5
Let n(l) = 4*l + 1. Let f(m) = 15*m + 2. Let u(s) = -2*f(s) + 7*n(s). What is u(0)?
3
Let b(d) be the first derivative of d**2/2 + 7*d - 201. Give b(7).
14
Let c(t) = t**2 + 12*t + 7. Let o(r) = -r**3 + 6*r**2 - 8*r + 5. Let k be o(5). Calculate c(k).
-13
Let c(t) be the second derivative of t**4/12 + 7*t**3/6 + 3*t - 134. Let p be (-2 + 11/4)*-8. What is c(p)?
-6
Let l(w) = -w**2 - 3*w + 3. Let u(i) = -2*i**2 + 15*i + 10. Let r be u(8). What is l(r)?
-7
Let m be 2 + (0 - (-4 - -2)). Let x(a) = -m*a**2 + 3*a**2 - a**3 + a - 2*a**2. Suppose 2*r - 28 = 372*y - 367*y, -8 = -y - 3*r. Calculate x(y).
12
Let g be (12 + 2 + -11)*2. Let b(l) = -l**3 + 7*l**2 - 7*l + 1. Give b(g).
-5
Let v = 7 - -22. Let g = v + -34. Let c(n) be the third derivative of -n**5/60 - 5*n**4/24 - n**3/2 - 2*n**2. Give c(g).
-3
Let c(y) = -4*y**2 + 2*y - 1. Let o = 11 - 5. Let a be (o/12)/((-2)/(-4)). Give c(a).
-3
Let z(r) be the third derivative of 0 + 0*r**4 - 3*r**2 + 1/60*r**5 + 0*r + 1/3*r**3. Determine z(2).
6
Let d(m) = -m + 2*m - 4*m + 5 + 4*m - 2*m. Let q = 4 - -1. Calculate d(q).
0
Let r(x) = -x**2 + 7*x + 3. Let o = 81 - 117. Let u = o - -41. Give r(u).
13
Suppose 12*n = 33 + 3. Let l(d) = -9*d - n + 39*d**2 - 23*d**2 + 0*d - 17*d**2. Calculate l(-8).
5
Let f(y) be the third derivative of -y**7/5040 - y**6/120 - 3*y**5/10 - 24*y**2. Let p(m) be the third derivative of f(m). Let h = 9 + -15. Calculate p(h).
0
Let r be 7 + (-114)/21 - (-9)/21. Let s(a) be the first derivative of -a**r + 9 + 2/3*a**3 - a. Calculate s(2).
3
Let u(o) = -3*o**3 + 11*o**2 + 4*o - 11. Let a(p) = -2*p**3 + 10*p**2 + 3*p - 10. Let s(n) = 4*a(n) - 3*u(n). Determine s(-7).
-7
Let m(i) = 5*i**2 - 3*i**2 + 11*i**2 + 6 - 12*i**2. Determine m(0).
6
Let k = 22 + -29. Let d(c) = -5*c**3 - 5*c**2 + 4*c + 18. Let i(x) = -9*x**3 - 9*x**2 + 7*x + 36. Let t(a) = k*d(a) + 4*i(a). Calculate t(0).
18
Let i(o) = 4*o - 2. Suppose -3 = 27*l - 84. What is i(l)?
10
Let l(u) be the first derivative of 3*u**4/4 - u**3/3 - u**2 - u - 138. What is l(2)?
15
Let p(o) be the third derivative of -o**7/2520 - o**6/144 - o**5/30 + o**4/24 - 2*o**2. Let b(y) be the second derivative of p(y). Determine b(-5).
-4
Let f(a) be the first derivative of -7*a**4/24 + a**3/6 + 23*a**2/2 - 2*a - 18. Let d(i) be the second derivative of f(i). What is d(1)?
-6
Let v(i) = -i - 4. Suppose -4*k - 5*j - 20 = 0, -2*k - 2*j - 8 - 2 = 0. Give v(k).
1
Suppose -3*a = -4*k - 1 - 0, k - 17 = -5*a. Suppose 16 = 2*f + k*f. Let b(h) be the first derivative of -3*h**2/2 + 2*h + 10. Calculate b(f).
-10
Let i(d) be the third derivative of 3*d**5/20 - d**4/12 - d**3/6 - d**2. Let w(g) = g**2 - 6*g - 1. Let s be w(0). What is i(s)?
10
Suppose 2*g + 3*g + 15 = -5*q, -5*q - 8 = -2*g. Let s(v) = v**3 - 4*v. Determine s(q).
0
Suppose -54*x = 361 + 233. Let h(y) = -y**2 - 10*y + 4. Give h(x).
-7
Let j be (-14)/8*-4 - 1. Let u(c) = -j + 5 - 2 - 3*c + 4. Determine u(2).
-5
Let h(w) = -w**2 + 760 - 379 - 381. What is h(0)?
0
Let o be (3/((-15)/(-2)))/((-1)/5). Let n(z) = z**3 + 4*z**2 + 3*z + 1. Give n(o).
3
Let f(m) = -m**3 - 6*m**2 + 6*m - 2. Suppose 0 = -4*x - 4*i + 34 - 10, -2*i + 14 = 3*x. Let t be ((-140)/8)/5*x. Calculate f(t).
5
Let x(w) = 109 + 10*w + w**2 - 111 - 2*w**2. Let c(z) = z**2 - 11*z + 1. Let n(g) = -4*c(g) - 5*x(g). Let p be 3 + -1 - (-1 + -3). Calculate n(p).
6
Let d(l) be the first derivative of -9/2*l**2 - 2*l - 7. Give d(-2).
16
Let o(b) be the first derivative of 11*b**2/2 + 178. What is o(1)?
11
Suppose -5 = -m - 2*n + 2, -5*n = 4*m - 19. Let f(p) = -p - 2 - 3 - m. Calculate f(-8).
2
Let g(l) = 624*l**3 - 310*l**3 - 9*l**2 - 313*l**3 + l. What is g(9)?
9
Let k(n) be the first derivative of 2*n**3/3 + 6*n**2 - 3*n + 102. Determine k(-6).
-3
Let u(f) = -2 - 13 + 3 + f**3 + 13*f - 13*f**2. Determine u(12).
0
Let d(b) = -4*b - 492 + 981 + b**2 - 487. Let